 is dca - 5a8?
822
In base 2, what is 111101110110100 - 11?
111101110110001
In base 5, what is -3431 - -120402?
111421
In base 15, what is -515 - -8e2?
3cc
In base 10, what is -378 + 8305?
7927
In base 3, what is 120 + 100120222?
100121112
In base 12, what is 17 - 34aa?
-3493
In base 11, what is a34517 - 5?
a34512
In base 11, what is a7a64 - 2a?
a7a35
In base 2, what is -100001001000011101 + 1000?
-100001001000010101
In base 13, what is -64a - bc?
-739
In base 14, what is 4b1d4 - -23?
4b217
In base 2, what is -10010110111011 + 1?
-10010110111010
In base 11, what is 19 - 208?
-19a
In base 6, what is -50 - 5523?
-10013
In base 4, what is -112202110322 + 2?
-112202110320
In base 15, what is -3 - 15053?
-15056
In base 7, what is -14522 - -252?
-14240
In base 13, what is 29 + 7466?
7492
In base 5, what is 2023 - 1121?
402
In base 6, what is -111312425 - -5?
-111312420
In base 10, what is 107 - 293?
-186
In base 2, what is 101 + -10110010101001000110?
-10110010101001000001
In base 9, what is 25 + 8732?
8757
In base 9, what is -1755337 + 3?
-1755334
In base 11, what is 21 + -10564?
-10543
In base 3, what is 10122021 - -10002?
10202100
In base 9, what is -1072 - 1150?
-2232
In base 11, what is -246 + -193?
-429
In base 4, what is 122 + -13301300?
-13301112
In base 2, what is 1111101111 + -1100101?
1110001010
In base 5, what is 10 + -2142040?
-2142030
In base 6, what is 12 + -2402?
-2350
In base 2, what is -1001 - -111010110000?
111010100111
In base 11, what is 3572 - -2?
3574
In base 15, what is -6b19 + 9?
-6b10
In base 5, what is -102 + -102434?
-103041
In base 11, what is 18 - -149584?
1495a1
In base 9, what is -250560 + 10?
-250550
In base 5, what is -1 - -42320?
42314
In base 7, what is 1 - -21443?
21444
In base 12, what is -94b5 + 4?
-94b1
In base 9, what is 1542 + 275?
1827
In base 13, what is -101 - -b49?
a48
In base 13, what is -8 + 12c87?
12c7c
In base 7, what is -1056 - -3441?
2352
In base 6, what is 4 + 1530551?
1530555
In base 13, what is -4ab4 - c?
-4ac3
In base 8, what is 317 - 223?
74
In base 16, what is 6 + befc?
bf02
In base 9, what is -1577334 - -3?
-1577331
In base 8, what is 444 - -464?
1130
In base 12, what is -24936 + -38?
-24972
In base 16, what is 5688f8 + -3?
5688f5
In base 7, what is 62444 - 11?
62433
In base 8, what is 5 + 3122616?
3122623
In base 16, what is 12f2e + -3?
12f2b
In base 12, what is -45965 - 0?
-45965
In base 15, what is 46ae8 + 2?
46aea
In base 7, what is 11 + -20354?
-20343
In base 14, what is -17 + -512c?
-5145
In base 14, what is -697 - 24?
-6bb
In base 16, what is -46a - -b?
-45f
In base 13, what is 3 - 2c3a?
-2c37
In base 11, what is 16921a6 + 3?
16921a9
In base 12, what is -5 + -369020?
-369025
In base 11, what is -16a46 + 148?
-168a9
In base 4, what is -2230332203 - -21?
-2230332122
In base 2, what is -1101110011 + 1000000?
-1100110011
In base 9, what is 12420 - -24?
12444
In base 13, what is 8895 + 6?
889b
In base 8, what is 235 + -101?
134
In base 14, what is -5620 - -2?
-561c
In base 10, what is 477 + -33?
444
In base 4, what is -101 - 1133320?
-1200021
In base 10, what is -112684 + 2?
-112682
In base 10, what is 164 - 27?
137
In base 3, what is -2 + 22111022?
22111020
In base 3, what is -1021220210200 - -2?
-1021220210121
In base 7, what is 3051 + 131?
3212
In base 10, what is -381 - -2721?
2340
In base 14, what is 4 + -131b?
-1317
In base 6, what is 1134 + -4351?
-3213
In base 2, what is 101 + -10011011000011101?
-10011011000011000
In base 16, what is -294 + 3ae?
11a
In base 8, what is 5742 + 47?
6011
In base 4, what is 3 + 3301103201?
3301103210
In base 2, what is 111010000100011 - 101?
111010000011110
In base 10, what is 40 + 771?
811
In base 3, what is -2220012010 - -10?
-2220012000
In base 9, what is 140053 + 1?
140054
In base 5, what is 11143222 + 20?
11143242
In base 10, what is -147 + -6272?
-6419
In base 11, what is 4 - 3aa1?
-3a98
In base 2, what is 101 + 10011010?
10011111
In base 16, what is 2b5 - 1a?
29b
In base 13, what is 1a42 - 5?
1a3a
In base 2, what is -10111100000 - 10100?
-10111110100
In base 4, what is -1110 - -2222?
1112
In base 16, what is 1 + -83a9?
-83a8
In base 9, what is 77613 + 122?
77735
In base 4, what is -100030 - -310?
-33120
In base 14, what is -6b52 + 31?
-6b21
In base 16, what is 2 - 760a?
-7608
In base 7, what is -104204420 - 4?
-104204424
In base 12, what is -30a + -8b4?
-1002
In base 11, what is 315 + -305?
10
In base 4, what is 100 - -13311121?
13311221
In base 13, what is -8914 + -18?
-892c
In base 7, what is 15 + 15525?
15543
In base 11, what is -3357 + -14?
-3370
In base 15, what is a91c + c?
a929
In base 8, what is 544514 - -4?
544520
In base 10, what is 50567 - 2?
50565
In base 10, what is -1 - 64?
-65
In base 4, what is 22103320 - -11?
22103331
In base 5, what is 44222333 - 4?
44222324
In base 7, what is -4 - -34605?
34601
In base 16, what is 7b7 + -20?
797
In base 9, what is -25 - 1108?
-1134
In base 16, what is -3 - -2750a?
27507
In base 11, what is 336a + 474?
3833
In base 7, what is -334 + 1240?
603
In base 15, what is -132 + 90c?
7ca
In base 5, what is -33 + -232300?
-232333
In base 15, what is 3c7 - -1?
3c8
In base 12, what is -108 + 151?
45
In base 3, what is 11 + -1200221002?
-1200220221
In base 4, what is 10323113 - -10?
10323123
In base 16, what is 58 + 312?
36a
In base 15, what is -8 + -4d19?
-4d22
In base 6, what is -345200 + -40?
-345240
In base 3, what is -10111 + 10211?
100
In base 6, what is -151222 - -4?
-151214
In base 14, what is 0 + -2a76?
-2a76
In base 15, what is -4a8 - -e19?
961
In base 10, what is 29 + 5501?
5530
In base 7, what is -26023425 + 3?
-26023422
In base 4, what is -212301320 + 10?
-212301310
In base 4, what is 2003033 + -32?
2003001
In base 8, what is -2 - 220354?
-220356
In base 14, what is -2 + 4349c?
4349a
In base 15, what is -b + 10c5?
10b9
In base 11, what is -47062 - -3?
-4705a
In base 2, what is -1111001 + -1101101000?
-1111100001
In base 5, what is 4201004 - 21?
4200433
In base 3, what is -1020 + 102222?
101202
In base 12, what is 24 - 2504?
-24a0
In base 2, what is 100001000111 - -11?
100001001010
In base 14, what is 3 + d60d1?
d60d4
In base 12, what is 0 + -4188?
-4188
In base 11, what is 3 + 5966?
5969
In base 7, what is -14 + -15666?
-16013
In base 4, what is -10 + -112022?
-112032
In base 14, what is -238a + 3?
-2387
In base 10, what is -39224 - 7?
-39231
In base 9, what is 325 + 183?
518
In base 5, what is 2 + -224131?
-224124
In base 14, what is 3b - -1283?
12c0
In base 4, what is -1 - 12123232?
-12123233
In base 12, what is -674058 - -5?
-674053
In base 7, what is -1604504 - 1?
-1604505
In base 14, what is -b1 + -1280?
-1351
In base 6, what is -105353 + -2?
-105355
In base 16, what is 3 - 562d?
-562a
In base 7, what is 24232 - 11?
24221
In base 15, what is 1162 + -11?
1151
In base 9, what is -40405 - -2?
-40403
In base 2, what is -1 + 10110110110?
10110110101
In base 16, what is 4a7 + 88?
52f
In base 12, what is -202 + -4270?
-4472
In base 7, what is -1413 - 3044?
-4460
In base 7, what is -1 - 21351?
-21352
In base 8, what is 5310 - 4?
5304
In base 16, what is 17 + -620?
-609
In base 5, what is 113441 - -10?
114001
In base 11, what is -230075 + 4?
-230071
In base 2, what is 1 + -101010110011111?
-101010110011110
In base 3, what is 120 + -220222?
-220102
In base 2, what is 11010 + -1010100001110011?
-1010100001011001
In base 4, what is -21 - -1332121?
1332100
In base 11, what is 17 - -2516?
2532
In base 7, what is -155 + -1225?
-1413
In base 2, what is 11001 - -1110101?
10001110
In base 11, what is -1065a + 34?
-10626
In base 5, what is 0 + 221142220?
221142220
In base 15, what is -902 - 73c?
-113e
In base 9, what is 4 - -21331?
21335
In base 10, what is -76 - 808?
-884
In base 8, what is -1 + -155631?
-155632
In base 14, what is 2bb + -64?
257
In base 2, what is 10000110100 - 10011001011?
-10010111
In base 9, what is 33 - 233387?
-233354
In base 5, what is 44 - -122332?
122431
In base 4, what is -22 - -302222202?
302222120
In base 11, what is 9 - 238113?
-238105
In base 2, what is -110011011100 + -1100111100?
-1000000011000
In base 11, what is -54 + 24254?
24200
In base 6, what is -4 - -34042111?
34042103
In base 5, what is -100333433 + -40?
-100334023
In base 2, what is -1010000101001001111 - 11?
-1